-2 - ((-2 - -2) + o)?
4
Suppose -11*f - 9 = -53. Let p be (1/2)/((-6)/f + 1). Let y(o) = 73*o**2 - 2*o - 1. What is the units digit of y(p)?
4
Suppose -3*r = -3*v + 12, -40 = -2*v - 2*v - 2*r. Let a be ((-36)/9)/(v/(-6)). Suppose -a*w = -2*s + w + 528, w + 522 = 2*s. What is the hundreds digit of s?
2
Suppose 9*y + 5*y - 98290 = 4*y. What is the thousands digit of y?
9
Suppose 3*y - 61692 = f + 18906, 6 = -2*f. What is the thousands digit of y?
6
Let j = 222 - 124. Suppose -2*a + 258 = j. What is the tens digit of a?
8
Let m(p) = 15*p - 2. Let y(n) = 6 - 16*n - 1 + 2 - 4. Let i(k) = 3*m(k) + 2*y(k). What is the tens digit of i(4)?
5
Let o(g) = -158*g - 950. What is the thousands digit of o(-59)?
8
Let k(g) = -21*g**3 + 4*g**2 - 10*g - 13. Suppose -5*t + 37 = -4*m, -9 = -3*t + 6. What is the tens digit of k(m)?
2
Let m = 204 + -145. Let h = m - 127. Let c = h + 162. What is the units digit of c?
4
Suppose 39*a - 42*a + 67761 = 3*n, 45195 = 2*n - 5*a. What is the ten thousands digit of n?
2
Let p = 97947 - 47463. What is the tens digit of p?
8
Let h = -40651 + 80121. What is the tens digit of h?
7
Let u = 332 + -329. Suppose 4*v - x = 1148, 3*v - u*x = 720 + 132. What is the units digit of v?
8
Let z(r) = -r**3 - 20*r**2 - 11*r + 32. Suppose -5*a - 65 = -2*i, -2*a = -7*a - 5*i - 100. Let g be z(a). What is the hundreds digit of g/(-7) - (-4)/(-7)?
1
Let f(j) = -j**2 - 132. Let z be f(0). Suppose -325 + 67 = -t + 2*u, -t + 3*u + 251 = 0. Let m = z + t. What is the tens digit of m?
4
Let l be (-1 - -8)*24*3/6. What is the units digit of 439/4 - l/48?
8
Suppose 6*h - 7*h = 21. Let d = h + 21. Suppose d = 2*j + 2*j - 596. What is the units digit of j?
9
Let c(k) = k**3 + 12*k**2 - 14*k - 10. Let m = -22 + 9. Let t be c(m). What is the units digit of 47 + (5 - 12/t)?
8
Let b(r) be the second derivative of -29*r**3/6 + 5*r**2/2 - 13*r - 5. What is the tens digit of b(-14)?
1
Let m be (-4)/(-18) - 366/(-54). Suppose -4*c + 27 = 5*x, 45 = m*x - 2*x - 5*c. Suppose 250 = 3*z + x*z. What is the units digit of z?
5
Let p(q) = 3*q - 28*q - 31 - 33. What is the units digit of p(-9)?
1
Let s = -14 + 12. Let y be 5*s/2*-1. Suppose 5*u + y*p - 775 = 0, 0 = -2*u - 4*p + 3*p + 311. What is the tens digit of u?
5
Suppose 41*j + 1400 = 31*j. Let h = 399 - j. What is the hundreds digit of h?
5
Let q(u) = -210*u + 30. Let t be (10/35)/(5/(-35)). What is the units digit of q(t)?
0
Let m be (-3 - 121/(-44))*(0 - 8). Suppose 0 = 4*c + 5*b - 269, -273 = -3*c + m*b - 54. What is the units digit of c?
1
Let t = -37 + 33. Let w = t - 4. What is the tens digit of 32/(-6)*(-14 - w)?
3
What is the tens digit of (2*-2)/((-272)/154292)?
6
Let h(j) = -499*j**3 - 5*j**2 - 2*j + 3. Suppose 3*o + 11 = -4*u, -o - 5*u - 7 = 4. What is the units digit of h(o)?
9
Let a(i) = 32 - 6*i + 25 - 71. Let w be a(-3). Suppose 151 = 4*z - 3*z - w*v, 0 = 3*z + v - 388. What is the units digit of z?
1
Suppose -5 = -2*w + 7*w, 3*n + 2*w = 505108. Suppose n - 36026 = 71*o. What is the thousands digit of o?
1
Let x = -90 + 94. Suppose -x*u - 74 = -5198. What is the hundreds digit of u?
2
Suppose 11*g = -130 + 9. Let v(w) = w**3 + 12*w**2 + 12*w + 13. Let f be v(g). Suppose -f + 0 = -2*d. What is the units digit of d?
1
Let s = 8154 + -4551. What is the hundreds digit of s?
6
Suppose 3*v - 25 = -3*h - 2*h, 5*v - 27 = -h. Let j(s) = -s**2 - 3*s. Let b be j(-3). Suppose b = h*i + 8*i - 1260. What is the units digit of i?
6
Let b(j) = -3*j + 14. Let c(m) = -4*m + 15. Let p(w) = -6*b(w) + 5*c(w). Let i be p(-3). What is the hundreds digit of (i/5)/(23/(-8395))?
2
Let l be (-2)/6*(14 - (6 - -5)). Let w(k) = -288*k + 5. What is the units digit of w(l)?
3
Suppose -237*x - 36751 = -250*x. What is the units digit of x?
7
Let r be (-640)/(-105) - (8/21)/4. Let j(p) = 6*p**2 - 4*p - 18. What is the hundreds digit of j(r)?
1
Suppose 17*b - 308 + 36 = 0. Suppose 0 = 12*u - b*u + 96. What is the tens digit of u?
2
Suppose 10*l = -4*l - 84. What is the units digit of 228/2 - (l - -1)?
9
What is the tens digit of (((-10458224)/42)/8)/(-5) + 2/(-15)?
2
Suppose b - 16 = -4*o, 2*b - 1 + 2 = 3*o. Let m(l) = 13*l**3 - 5*l**2 + 8*l - 5. What is the units digit of m(o)?
5
Let w(y) = -116*y + 10. Let v(r) = -r + 17. Let b be v(23). What is the hundreds digit of w(b)?
7
Let v = 1003 - -18. Suppose 3*o = a - 3*a + v, 2*o - 3*a - 685 = 0. Suppose -5*f - 11 = -o. What is the tens digit of f?
6
Let o = -108 + 62. Let s = -52 - o. What is the hundreds digit of (-291)/(-3) + (-1 - s)?
1
Suppose 29*z - 18 = 185. Suppose -5*v = 10, z*b + 3*v + 2846 = 12*b. What is the units digit of b?
8
Let y(l) = -85*l**3 - 10*l**2 + 52*l + 366. What is the units digit of y(-8)?
0
Let f(s) = s**3 - 8*s**2 - 8*s + 9. Let o be f(9). Let h be (-36)/(-8)*12/o. Suppose h*u + 276 = 7*u. What is the units digit of u?
9
Let a be 8 + -5 + (-2 + 1)/(-1). Suppose -d = a*d + 5*l + 10, -d - 2*l = 6. Suppose -2*i - d*i = -152. What is the tens digit of i?
3
Let o be ((-2)/4)/((-27)/(-18))*-33. Let s(n) = -n**3 + 10*n**2 + 20*n - 34. What is the tens digit of s(o)?
6
What is the hundreds digit of (-756807)/(-27) + (-48)/54?
0
Let l = -44 + 48. Suppose 2*t = -l*y + 5*t - 519, y + 5*t + 101 = 0. What is the tens digit of y/(-4) + (-45)/(-18)?
3
What is the tens digit of ((-12)/5*2670/(-20))/(10/300)?
1
Suppose -39*r - 203317 = -1305613. What is the hundreds digit of r?
2
Suppose -4*c = i - 71171, -336*i = -332*i + 4*c - 284768. What is the ten thousands digit of i?
7
Let l = 137 - 141. Let d(b) = -3*b**3 + 2*b**2 - b - 18. What is the tens digit of d(l)?
1
Suppose 3*j - 46 + 31 = 0, -243196 = -4*z + 20*j. What is the tens digit of z?
2
Let m = 15696 - 9732. What is the thousands digit of m?
5
What is the tens digit of ((-339442)/(-10) - -5) + (-248)/(-310)?
5
Suppose t = -r + 8783, -11210 = -2*r + 2*t + 6356. What is the tens digit of r?
8
Suppose 0 = 4*y - 9*y + 3*u + 307, 3*y - 4*u = 193. Let s = y + -59. Suppose 4*h + 4*n = 900, 5*h - 7*h + 4*n + 462 = s. What is the hundreds digit of h?
2
Suppose -6*l + 8 = 2. What is the hundreds digit of (-124)/(l/(-1 + -1))?
2
What is the thousands digit of (78162/105)/(6/15)?
1
Suppose -g - 59 = -372. Let q = g - 98. What is the hundreds digit of q?
2
Suppose 0 = -2*u - 3*z + 58677, 0 = 206*z - 211*z - 15. What is the units digit of u?
3
Let c(j) = 7*j**2 - 16*j - 96. Let z(s) = -6*s**2 + 17*s + 94. Let x(n) = -3*c(n) - 4*z(n). What is the hundreds digit of x(18)?
5
Let i be (1 - 7/3)*(27 + 27). Let d = -72 - i. Suppose -3*g + 5*j + 23 = -d*g, 4 = -j. What is the units digit of g?
1
Let q(m) = -25*m**3 - 8*m**2 + 21*m + 1. What is the tens digit of q(-4)?
8
Let o(s) = -2*s**3 - 49*s**2 + 37*s - 58. Let j be o(-26). Let c = j - 105. What is the hundreds digit of c?
9
Suppose -25*y + 90847 + 14903 = 0. What is the tens digit of y?
3
Let i be (3/2)/(21/28). Let w be i/((-6)/4 - (-12)/6). Suppose w*v - g - 56 = 0, -2*v - g = -2*g - 26. What is the tens digit of v?
1
Let d be (16 + 130)*(-1 - -1 - -2). Let r be -2 + ((-10)/(-2) - -1). Suppose 0 = -f - y + 94, r*f - f + y = d. What is the tens digit of f?
9
Let l(i) = -4*i + 80. Let r be l(20). Suppose 169*z - 170*z + 155 = r. What is the hundreds digit of z?
1
Suppose 3*y + 2*u = 60205, -5*u - 60957 = -3*y - 703. What is the thousands digit of y?
0
Let g(a) = 6256*a + 1483. What is the thousands digit of g(7)?
5
Let o(f) be the first derivative of -1/3*f**3 + 2*f**2 + 18 - 6*f + 4*f**4. What is the units digit of o(2)?
6
Let a(b) = -4*b**3 - 4*b**2 + 4*b - 15. Let k(h) = 8*h**3 + 7*h**2 - 8*h + 31. Let r(y) = 9*a(y) + 4*k(y). What is the hundreds digit of r(-6)?
5
Let o(t) = -t**2 - 10*t + 1. Let m be o(-8). Let k = m - 20. What is the units digit of (174 - -3)*(k + 20/6)?
9
Suppose 4*i + 3*o + 20 = -o, 0 = 4*i - 5*o - 25. Suppose -5*l - f + 4875 = i, -5*l + 5468 - 593 = -4*f. What is the units digit of l?
5
Let j = 56258 + -27361. What is the ten thousands digit of j?
2
Suppose -o + 4*n = -18656, -o - n + 8581 = -10040. What is the units digit of o?
8
Suppose 53*r - 75*r = -50424. What is the tens digit of r?
9
Suppose -o = -0*o + 6*o. Suppose -u = 4*f - 173 - 19, 2*u - 3*f - 439 = o. What is the tens digit of u?
1
Let x = 609 - 72. What is the hundreds digit of x?
5
Suppose